 = -2*b. Suppose -227 + 23 = -j*d. List the prime factors of d.
2, 17
Let y(l) = -l**3 - 42*l**2 + l + 77. Let z be y(-42). Suppose -22*b - z*b + 5130 = 0. What are the prime factors of b?
2, 3, 5
Suppose -4*m + 16805 = -5*n, 5*n = m - 3131 - 1044. List the prime factors of m.
2, 5, 421
Let f = -4759 + 7701. List the prime factors of f.
2, 1471
Let r be 4/18 + 34/9 + -2. Suppose 0 = 12*o - r*o - 8290. What are the prime factors of o?
829
Let x(l) = -62*l - 99. Let m be x(-4). Suppose 0 = -2*a + 58 + 14. Let f = m + a. List the prime factors of f.
5, 37
Let j = -139 - -607. Let z = j - -12. List the prime factors of z.
2, 3, 5
Let m(a) = 94*a + 134. Let t be m(17). Suppose t = 28*h - 116. List the prime factors of h.
2, 3, 11
Suppose h - 1892 + 222 - 701 = 0. List the prime factors of h.
2371
Let m(y) = -y**3 + 7*y**2 - 8*y - 196. What are the prime factors of m(-16)?
2, 3, 5, 97
Suppose -2 + 2 = -3*w. Suppose 50 = -w*i + 10*i. Let v(a) = 11*a + 25. What are the prime factors of v(i)?
2, 5
Let u(c) = c**3 - 16*c**2 - c - 3. Let q be u(16). Let z = 177 + -74. Let p = q + z. List the prime factors of p.
2, 3, 7
Let k = 846 + -501. Let i = k + -209. What are the prime factors of i?
2, 17
Let v be (45/10 + -2)*(-40)/(-25). Suppose -5*n + 1199 = -2*i - 1066, -n + 453 = -v*i. List the prime factors of n.
3, 151
Let n be 0*(3 + 20/(-8)). Suppose -16*s + 560 = -n*s. What are the prime factors of s?
5, 7
Let l be 215/75 - -1*(-4)/(-30). Suppose -q + l*g + 698 = 0, 538 + 1564 = 3*q - 5*g. List the prime factors of q.
2, 11
Suppose -549156 - 236344 = -100*a. What are the prime factors of a?
5, 1571
Let g(y) = y**3 - 19*y**2 + 2*y - 31. Let i be g(18). What are the prime factors of (2 + -4)/(2/i)?
11, 29
Suppose -w + 13*w - 2*w - 68110 = 0. List the prime factors of w.
7, 139
Let c be (16/32)/(2/16). Suppose -3*t + 89 = c*b + 345, 3*b = 3*t - 171. Let s = 77 + b. List the prime factors of s.
2
Let r be 5 + 2*15/(-10) + 1. Suppose 57*h - 2502 = 54*h - 4*g, -5*h = -r*g - 4199. What are the prime factors of h?
2, 419
Let v(c) = -26*c + 49. Let s be v(14). Let d = s - -698. List the prime factors of d.
383
Let h(s) be the second derivative of -s**3/2 - 31*s**2/2 - s - 9. Let v be h(-11). Suppose 420 = v*k + 3*j - 8*j, 868 = 4*k - 3*j. List the prime factors of k.
2, 5, 11
Let t = 13304 + -997. What are the prime factors of t?
31, 397
Let j(c) = 27*c - 25*c**2 - 20*c**2 + 57*c**2 - 79. What are the prime factors of j(3)?
2, 5, 11
Let k be (0/(-1) - -1) + 7. Let b = 60 - -378. Suppose -k*h = b - 1102. List the prime factors of h.
83
Let c(r) = 2*r - 21. Let g(b) = -b + 11. Let x(v) = 2*c(v) + 5*g(v). Suppose 0 = 3*k - 2 + 38. What are the prime factors of x(k)?
5
Suppose 0 = -5*a - z + 298425, 10 = 220*z - 218*z. What are the prime factors of a?
2, 43, 347
Suppose -4*i - 2*v = -28276, -10*i + 8*i = 5*v - 14154. What are the prime factors of i?
37, 191
Suppose -2*v - m = -1638, 5*v + 3*m - 3725 - 369 = 0. What are the prime factors of v?
2, 5, 41
Let u(d) = 57*d - 9 - 4*d**3 + 23*d**2 + 3*d**3 - 56*d + 2*d**2. Let q be u(25). What are the prime factors of (-4)/(q/12) + 32 - -1?
2, 3, 5
Let g(d) = 2*d + 46. Let p be g(-21). Suppose -3*k - 375 = -2*y, p*y + 8*k - 3*k = 761. What are the prime factors of y?
3, 7
Let f(u) = 4*u + 51. Let y be f(-13). Let z = -14 - -9. What are the prime factors of y*20/z - -15?
19
Suppose 15*x - 167597 = -50237. List the prime factors of x.
2, 3, 163
List the prime factors of (96*-4)/(57/(-1064)).
2, 7
Suppose 0 = -25178*m + 25175*m + 25752. What are the prime factors of m?
2, 29, 37
Suppose 259955 = 72*b - 554756 - 2491601. What are the prime factors of b?
3, 15307
Let d = 133 - 23. Suppose 114*j = d*j + 36. List the prime factors of (j*-1)/(3 - 636/208).
2, 3, 13
Let k = 124 - 128. Let w(b) = -166*b + 68. What are the prime factors of w(k)?
2, 3, 61
Suppose -159*i - 125598 = -163*i - 2*r, -3*i + 94215 = -4*r. What are the prime factors of i?
3, 1163
Suppose -2*c - 3*c + 2015 = 3*a, 1185 = 3*c - 3*a. Suppose 73*j = 75*j - c. List the prime factors of j.
2, 5
Let y(f) = 15*f - 21. Let k(l) = -3*l + 4. Let o(u) = -11*k(u) - 2*y(u). Let n be o(1). What are the prime factors of (611/39)/(n/3)?
47
Let d(b) = b - 2. Let o be d(7). Suppose -4*c - 50 = -h + 30, h - 125 = -o*c. Suppose 3*n - h - 61 = -5*q, -4*q - 31 = -n. What are the prime factors of n?
47
Suppose -4*z + 0 = -16, 5*t - 2*z = 502. Let q = 145 - t. Suppose 3*u = q + 38. What are the prime factors of u?
3
Let x(h) = 7*h - 10. Let z be x(2). Suppose z*d - d + 6 = 5*l, -12 = -3*d - l. List the prime factors of 9/(d*4/108).
3
Let f be (-6)/(-8)*(-32)/(-4). Let s(i) = 4 - f + 7 + 4 - 3*i. What are the prime factors of s(-8)?
3, 11
Let f(q) = 2*q**2 - 2*q - 7. Suppose -3*c + 2*g - 3*g = -30, 0 = 2*c - 2*g - 20. Suppose -2*t - 32 = -c*t. List the prime factors of f(t).
17
Suppose 3*s = -0*v - v + 8, 3*s = v + 22. Let c(o) = o**3 + 6*o**2 - 9*o - 10. Let m be c(v). Let b = 30 - m. What are the prime factors of b?
2, 13
Suppose -10 = -q + k - 8, -2*q = -5*k + 2. Let a(l) = 25*l**2 + 2*l - 37. What are the prime factors of a(q)?
7, 53
Let h(b) = -7*b**3 - 4*b**2 + 4*b + 3. Let v be h(-4). Suppose -533 = 6*r - 1757. Let x = v - r. What are the prime factors of x?
167
Suppose -2536 = 7*d - 15*d. Suppose 4*s = d + 599. List the prime factors of s.
229
Let y = -254 + 254. Suppose y = 13*l - 1536 - 1792. List the prime factors of l.
2
Let w = 141 + -189. Let m = w - -207. List the prime factors of m.
3, 53
Suppose 0*t + 21 = t. Let x(a) = -14*a - 163. Let u be x(-15). Let s = u - t. List the prime factors of s.
2, 13
Let v = 18238 + -11886. What are the prime factors of v?
2, 397
Let h(v) = -12*v**3 - 3*v**2 - 47*v - 20. What are the prime factors of h(-8)?
2, 19, 83
Let c be 0/(-2) - (-5 + (-6 - -8)). List the prime factors of (2 + -6)/4 + c + 250.
2, 3, 7
Suppose 12*v + 2*f - 63 = 11*v, v - 63 = 3*f. List the prime factors of ((-360)/v)/((-2)/49).
2, 5, 7
Let w = -55 - -86. Let r = 29 - w. List the prime factors of r - ((-632)/4 - 0).
2, 3, 13
Suppose -34*g + 39*g = -30. Let a be (g - -3)*((-48)/(-9))/(-4). Suppose -5*z + z - 5*q + 118 = 0, z - a*q = 19. List the prime factors of z.
3
Let a(b) = -80*b - 17. Let g be a(6). Let q = g - -817. What are the prime factors of q?
2, 5
Let m(a) = 4*a**2 + 2*a. Let b be m(-2). Suppose 20 = -b*d + 8*d. Let k = 84 - d. What are the prime factors of k?
89
Let b = -29 - -34. Let t = 82 - 6. Suppose b*i + 28 = g, 2*g - 4*g = -5*i - t. List the prime factors of g.
2, 3
Let u = 109759 + -76917. List the prime factors of u.
2, 16421
Let m(p) = -p + 31. Let h(x) = 2 + 3*x**2 + 2*x**3 - 6 + 5*x**2 - 4*x - 5*x**2. Let c be h(-3). What are the prime factors of m(c)?
2, 5
Let j = -367 - -693. Let g = -245 + j. What are the prime factors of g?
3
Let n(o) = -2*o - 6. Let g be n(-4). Let q be (-2)/(g + 0) + -1. What are the prime factors of (-1)/(3*q/234)?
3, 13
Let y = -15 - -19. Suppose -m + 73 = 3*g, 0 = y*g - 5*m - 83 - 27. Let h = 110 + g. What are the prime factors of h?
3, 5
Suppose -38148 = 3*v - 7*v. List the prime factors of v.
3, 11, 17
Let l be ((-1)/3 + 1)/(16/(-312)). Let d = l + 7. List the prime factors of d*(-28)/(-8)*-5.
3, 5, 7
Let m(f) = f**3 + 43*f**2 + 230*f - 29. List the prime factors of m(-26).
5483
Suppose -2*i - 2 = 0, 54*z - 58*z = 5*i + 5. Let j(t) = -5*t + 27 + 0*t + 4. List the prime factors of j(z).
31
Let u(y) = -y**3 - 11*y**2 - 8*y + 61. Let h be u(-11). Suppose -65 = -t + h. List the prime factors of t.
2, 107
Let o = 10643 + -4086. What are the prime factors of o?
79, 83
Let s(l) = -287*l**3 + 3*l**2 + 2*l + 3. List the prime factors of s(-3).
3, 2591
Let q(k) be the first derivative of -k**6/360 + 2*k**5/15 - 5*k**4/12 - 5*k**3 + 9. Let p(b) be the third derivative of q(b). List the prime factors of p(13).
29
Suppose -21912 = -20*q + 20028. Suppose 0 = -b + 4*w + 1349, -3236 = -4*b - 5*w + q. What are the prime factors of b?
7, 191
Let w = -235 + 539. Let v = w - 143. What are the prime factors of v?
7, 23
List the prime factors of -1*(-38155)/25 - (63/(-35) - -2).
2, 7, 109
Suppose -52*i = 2411 + 6741. Let b be 2 - (-414)/((-2)/2). Let t = i - b. What are the prime factors of t?
2, 59
Let o(n) = 259*n + 344. What are the